{"id":369,"date":"2021-12-16T18:43:39","date_gmt":"2021-12-16T17:43:39","guid":{"rendered":"http:\/\/141.94.22.59\/coaching\/?page_id=369"},"modified":"2024-03-25T14:17:53","modified_gmt":"2024-03-25T13:17:53","slug":"profil","status":"publish","type":"page","link":"https:\/\/florinesoikacoaching.fr\/coaching\/index.php\/profil\/","title":{"rendered":"Profil"},"content":{"rendered":"\n<div class=\"wp-block-group\"><div class=\"wp-block-group__inner-container is-layout-flow wp-block-group-is-layout-flow\">\n<div class=\"wp-block-columns is-layout-flex wp-container-core-columns-is-layout-9d6595d7 wp-block-columns-is-layout-flex\">\n<div class=\"wp-block-column is-layout-flow wp-block-column-is-layout-flow\" style=\"flex-basis:33.33%\">\n<figure class=\"wp-block-image size-large is-style-default\"><img decoding=\"async\" src=\"https:\/\/florinesoikacoaching.fr\/coaching\/wp-content\/uploads\/2021\/12\/DSC05371-1-684x1024.jpg\" alt=\"photo portrait florine soika\"\/><\/figure>\n<\/div>\n\n\n\n<div class=\"wp-block-column is-layout-flow wp-block-column-is-layout-flow\" style=\"flex-basis:66.66%\">\n<h2 class=\"wp-block-heading\"><strong>Florine So\u00efka<\/strong><\/h2>\n\n\n\n<p class=\"has-text-align-left has-medium-font-size\">J&rsquo;ai 33 ans, apr\u00e8s une carri\u00e8re en marketing\/communication, j&rsquo;ai acquis le dipl\u00f4me du <strong>BPJEPS Activit\u00e9 de la forme<\/strong> (option cours collectifs et option halt\u00e9rophilie\/musculation). J&rsquo;ai voulu chang\u00e9 de m\u00e9tier car le sport a toujours \u00e9t\u00e9 ma passion depuis toute petite. Aujourd&rsquo;hui, je souhaite partager ma passion, \u00e9changer et transmettre mon savoir afin que vous <strong>puissiez atteindre vos objectifs<\/strong> :<strong>perte de poids, prise de masse, renforcement musculaire, gain en souplesse<\/strong>, etc.. J&rsquo;ai \u00e9galement un dipl\u00f4me en<strong>nutrition<\/strong> qui permet d&rsquo;\u00eatre \u00ab\u00a0la cerise sur le g\u00e2teau\u00a0\u00bb lorsqu&rsquo;on allie sport et nutrition. Que vous soyez un particulier ou une entreprise, aucun probl\u00e8me ! Ensemble, nous y arriverons et ce sera un plaisir de vous coacher quelque soit votre objectif !<\/p>\n<\/div>\n<\/div>\n<\/div><\/div>\n\n\n\n<h2 class=\"wp-block-heading\">Exp\u00e9rience<\/h2>\n\n\n\n<p class=\"has-medium-font-size\">Je coach chez plusieurs organismes : associations, entreprises et j&rsquo;ai \u00e9galement ma client\u00e8le \u00e0 domicile. Les cours les plus donn\u00e9s sont : le <strong>Pilates<\/strong>, le <strong>renforcement musculaire<\/strong>, le <strong>cardio training<\/strong> et le <strong>stretching<\/strong>. <\/p>\n\n\n\n<p class=\"has-medium-font-size\">Auparavant, j&rsquo;ai travaill\u00e9 pour une grande entreprise en salle de sport o\u00f9 j&rsquo;animais les cours de cycling, bodysclupt, le body tone, le circuit training, le gymlight, le stretching&#8230; En parall\u00e8le, certains clients me sollicitent pour des <strong>programmes nutritionnels<\/strong>. <\/p>\n\n\n\n<h2 class=\"wp-block-heading\">Mes passions<\/h2>\n\n\n\n<p class=\"has-medium-font-size\">Je pratique plusieurs sports dont le <strong>crossfit<\/strong> qui est le sport en lui m\u00eame qui me permet de sortir de ma zone de confort, de me challenger, de me renforcer. C&rsquo;est un sport dans lequel la force et le mental joue \u00e9norm\u00e9ment. L&rsquo;entraide et la bonne ambiance sont aussi au rendez-vous. La <strong>randonn\u00e9e<\/strong> et la <strong>course \u00e0 pied<\/strong> font aussi parti de mes passes-temps favoris. <\/p>\n\n\n\n<p class=\"has-medium-font-size\">Je pratique aussi <strong>l&rsquo;\u00e9quitation<\/strong> depuis l&rsquo;\u00e2ge de 12 ans et aujourd&rsquo;hui, j&rsquo;ai mon propre cheval, qui me remplir de bonheur. <\/p>\n\n\n\n<p class=\"has-medium-font-size\">R\u00e9cemment, je me suis rendu au N\u00e9pal pour effectuer le <strong>trek du Camp de Base de l&rsquo;Everest<\/strong>, qui fut une exp\u00e9rience incroyable.<\/p>\n\n\n\n<figure class=\"wp-block-gallery has-nested-images columns-3 is-cropped wp-block-gallery-1 is-layout-flex wp-block-gallery-is-layout-flex\">\n<figure class=\"wp-block-image size-large\"><img loading=\"lazy\" decoding=\"async\" width=\"756\" height=\"1024\" data-id=\"1345\" src=\"https:\/\/florinesoikacoaching.fr\/coaching\/wp-content\/uploads\/2024\/03\/Afficher-les-photos-recentes-756x1024.jpg\" alt=\"\" class=\"wp-image-1345\" srcset=\"https:\/\/florinesoikacoaching.fr\/coaching\/wp-content\/uploads\/2024\/03\/Afficher-les-photos-recentes-756x1024.jpg 756w, https:\/\/florinesoikacoaching.fr\/coaching\/wp-content\/uploads\/2024\/03\/Afficher-les-photos-recentes-222x300.jpg 222w, https:\/\/florinesoikacoaching.fr\/coaching\/wp-content\/uploads\/2024\/03\/Afficher-les-photos-recentes-768x1040.jpg 768w, https:\/\/florinesoikacoaching.fr\/coaching\/wp-content\/uploads\/2024\/03\/Afficher-les-photos-recentes.jpg 828w\" sizes=\"auto, (max-width: 756px) 100vw, 756px\" \/><\/figure>\n\n\n\n<figure class=\"wp-block-image size-large\"><img loading=\"lazy\" decoding=\"async\" width=\"1024\" height=\"793\" data-id=\"1343\" src=\"https:\/\/florinesoikacoaching.fr\/coaching\/wp-content\/uploads\/2024\/03\/Capture-decran-2024-03-25-a-14.13.18-1024x793.png\" alt=\"\" class=\"wp-image-1343\" srcset=\"https:\/\/florinesoikacoaching.fr\/coaching\/wp-content\/uploads\/2024\/03\/Capture-decran-2024-03-25-a-14.13.18-1024x793.png 1024w, https:\/\/florinesoikacoaching.fr\/coaching\/wp-content\/uploads\/2024\/03\/Capture-decran-2024-03-25-a-14.13.18-300x232.png 300w, https:\/\/florinesoikacoaching.fr\/coaching\/wp-content\/uploads\/2024\/03\/Capture-decran-2024-03-25-a-14.13.18-768x595.png 768w, https:\/\/florinesoikacoaching.fr\/coaching\/wp-content\/uploads\/2024\/03\/Capture-decran-2024-03-25-a-14.13.18-1536x1189.png 1536w, https:\/\/florinesoikacoaching.fr\/coaching\/wp-content\/uploads\/2024\/03\/Capture-decran-2024-03-25-a-14.13.18.png 1640w\" sizes=\"auto, (max-width: 1024px) 100vw, 1024px\" \/><\/figure>\n\n\n\n<figure class=\"wp-block-image size-large\"><img loading=\"lazy\" decoding=\"async\" width=\"683\" height=\"1024\" data-id=\"1341\" src=\"https:\/\/florinesoikacoaching.fr\/coaching\/wp-content\/uploads\/2024\/03\/DSC_0053-683x1024.jpg\" alt=\"\" class=\"wp-image-1341\" srcset=\"https:\/\/florinesoikacoaching.fr\/coaching\/wp-content\/uploads\/2024\/03\/DSC_0053-683x1024.jpg 683w, https:\/\/florinesoikacoaching.fr\/coaching\/wp-content\/uploads\/2024\/03\/DSC_0053-200x300.jpg 200w, https:\/\/florinesoikacoaching.fr\/coaching\/wp-content\/uploads\/2024\/03\/DSC_0053-768x1152.jpg 768w, https:\/\/florinesoikacoaching.fr\/coaching\/wp-content\/uploads\/2024\/03\/DSC_0053-1024x1536.jpg 1024w, https:\/\/florinesoikacoaching.fr\/coaching\/wp-content\/uploads\/2024\/03\/DSC_0053-1365x2048.jpg 1365w, https:\/\/florinesoikacoaching.fr\/coaching\/wp-content\/uploads\/2024\/03\/DSC_0053-scaled.jpg 1707w\" sizes=\"auto, (max-width: 683px) 100vw, 683px\" \/><\/figure>\n\n\n\n<figure class=\"wp-block-image size-large\"><img loading=\"lazy\" decoding=\"async\" width=\"768\" height=\"1024\" data-id=\"405\" src=\"https:\/\/florinesoikacoaching.fr\/coaching\/wp-content\/uploads\/2021\/12\/IMG_20210213_123406-768x1024.jpg\" alt=\"running\" class=\"wp-image-405\" srcset=\"https:\/\/florinesoikacoaching.fr\/coaching\/wp-content\/uploads\/2021\/12\/IMG_20210213_123406-768x1024.jpg 768w, https:\/\/florinesoikacoaching.fr\/coaching\/wp-content\/uploads\/2021\/12\/IMG_20210213_123406-225x300.jpg 225w, https:\/\/florinesoikacoaching.fr\/coaching\/wp-content\/uploads\/2021\/12\/IMG_20210213_123406-1152x1536.jpg 1152w, https:\/\/florinesoikacoaching.fr\/coaching\/wp-content\/uploads\/2021\/12\/IMG_20210213_123406-1536x2048.jpg 1536w, https:\/\/florinesoikacoaching.fr\/coaching\/wp-content\/uploads\/2021\/12\/IMG_20210213_123406-scaled.jpg 1920w\" sizes=\"auto, (max-width: 768px) 100vw, 768px\" \/><\/figure>\n\n\n\n<figure class=\"wp-block-image size-large\"><img loading=\"lazy\" decoding=\"async\" width=\"768\" height=\"1024\" data-id=\"948\" src=\"https:\/\/florinesoikacoaching.fr\/coaching\/wp-content\/uploads\/2021\/12\/IMG_20200726_150657_1-768x1024.jpg\" alt=\"randonn\u00e9e\" class=\"wp-image-948\" srcset=\"https:\/\/florinesoikacoaching.fr\/coaching\/wp-content\/uploads\/2021\/12\/IMG_20200726_150657_1-768x1024.jpg 768w, https:\/\/florinesoikacoaching.fr\/coaching\/wp-content\/uploads\/2021\/12\/IMG_20200726_150657_1-225x300.jpg 225w, https:\/\/florinesoikacoaching.fr\/coaching\/wp-content\/uploads\/2021\/12\/IMG_20200726_150657_1-1152x1536.jpg 1152w, https:\/\/florinesoikacoaching.fr\/coaching\/wp-content\/uploads\/2021\/12\/IMG_20200726_150657_1-1536x2048.jpg 1536w, https:\/\/florinesoikacoaching.fr\/coaching\/wp-content\/uploads\/2021\/12\/IMG_20200726_150657_1-scaled.jpg 1920w\" sizes=\"auto, (max-width: 768px) 100vw, 768px\" \/><\/figure>\n<\/figure>\n","protected":false},"excerpt":{"rendered":"<p>Exp\u00e9rience Je coach chez plusieurs organismes : associations, entreprises et j&rsquo;ai \u00e9galement ma client\u00e8le \u00e0 domicile. Les cours les plus donn\u00e9s sont : le Pilates, le renforcement musculaire, le cardio training et le stretching. Auparavant, j&rsquo;ai travaill\u00e9 pour une grande entreprise en salle de sport o\u00f9 j&rsquo;animais les cours de cycling, bodysclupt, le body tone, <a class=\"more-link\" href=\"https:\/\/florinesoikacoaching.fr\/coaching\/index.php\/profil\/\">la suite&#8230; <i class=\"fa fa-chevron-right\"><\/i><\/a><\/p>\n","protected":false},"author":1,"featured_media":0,"parent":0,"menu_order":0,"comment_status":"closed","ping_status":"closed","template":"","meta":{"footnotes":""},"class_list":["post-369","page","type-page","status-publish","hentry"],"yoast_head":"<!-- This site is optimized with the Yoast SEO plugin v27.5 - https:\/\/yoast.com\/product\/yoast-seo-wordpress\/ -->\n<title>Profil - FS Coaching<\/title>\n<meta name=\"description\" content=\"J\u2019ai obtenu le dipl\u00f4me du BPJEPS Activit\u00e9 de la forme ainsi qu&#039;un dipl\u00f4me en nutrition. Je pratique plusieurs sports : crossfit, musculation, \u00e9quitation, ...\" \/>\n<meta name=\"robots\" content=\"index, follow, max-snippet:-1, max-image-preview:large, max-video-preview:-1\" \/>\n<link rel=\"canonical\" href=\"https:\/\/florinesoikacoaching.fr\/coaching\/index.php\/profil\/\" \/>\n<meta property=\"og:locale\" content=\"fr_FR\" \/>\n<meta property=\"og:type\" content=\"article\" \/>\n<meta property=\"og:title\" content=\"Profil - FS Coaching\" \/>\n<meta property=\"og:description\" content=\"J\u2019ai obtenu le dipl\u00f4me du BPJEPS Activit\u00e9 de la forme ainsi qu&#039;un dipl\u00f4me en nutrition. Je pratique plusieurs sports : crossfit, musculation, \u00e9quitation, ...\" \/>\n<meta property=\"og:url\" content=\"https:\/\/florinesoikacoaching.fr\/coaching\/index.php\/profil\/\" \/>\n<meta property=\"og:site_name\" content=\"FS Coaching\" \/>\n<meta property=\"article:publisher\" content=\"https:\/\/www.facebook.com\/profile.php?id=100075663504522\" \/>\n<meta property=\"article:modified_time\" content=\"2024-03-25T13:17:53+00:00\" \/>\n<meta property=\"og:image\" content=\"https:\/\/florinesoikacoaching.fr\/coaching\/wp-content\/uploads\/2024\/03\/Afficher-les-photos-recentes-756x1024.jpg\" \/>\n<meta name=\"twitter:card\" content=\"summary_large_image\" \/>\n<meta name=\"twitter:label1\" content=\"Dur\u00e9e de lecture estim\u00e9e\" \/>\n\t<meta name=\"twitter:data1\" content=\"2 minutes\" \/>\n<script type=\"application\/ld+json\" class=\"yoast-schema-graph\">{\"@context\":\"https:\\\/\\\/schema.org\",\"@graph\":[{\"@type\":\"WebPage\",\"@id\":\"https:\\\/\\\/florinesoikacoaching.fr\\\/coaching\\\/index.php\\\/profil\\\/\",\"url\":\"https:\\\/\\\/florinesoikacoaching.fr\\\/coaching\\\/index.php\\\/profil\\\/\",\"name\":\"Profil - FS Coaching\",\"isPartOf\":{\"@id\":\"https:\\\/\\\/florinesoikacoaching.fr\\\/coaching\\\/#website\"},\"primaryImageOfPage\":{\"@id\":\"https:\\\/\\\/florinesoikacoaching.fr\\\/coaching\\\/index.php\\\/profil\\\/#primaryimage\"},\"image\":{\"@id\":\"https:\\\/\\\/florinesoikacoaching.fr\\\/coaching\\\/index.php\\\/profil\\\/#primaryimage\"},\"thumbnailUrl\":\"https:\\\/\\\/florinesoikacoaching.fr\\\/coaching\\\/wp-content\\\/uploads\\\/2024\\\/03\\\/Afficher-les-photos-recentes-756x1024.jpg\",\"datePublished\":\"2021-12-16T17:43:39+00:00\",\"dateModified\":\"2024-03-25T13:17:53+00:00\",\"description\":\"J\u2019ai obtenu le dipl\u00f4me du BPJEPS Activit\u00e9 de la forme ainsi qu'un dipl\u00f4me en nutrition. Je pratique plusieurs sports : crossfit, musculation, \u00e9quitation, ...\",\"breadcrumb\":{\"@id\":\"https:\\\/\\\/florinesoikacoaching.fr\\\/coaching\\\/index.php\\\/profil\\\/#breadcrumb\"},\"inLanguage\":\"fr-FR\",\"potentialAction\":[{\"@type\":\"ReadAction\",\"target\":[\"https:\\\/\\\/florinesoikacoaching.fr\\\/coaching\\\/index.php\\\/profil\\\/\"]}]},{\"@type\":\"ImageObject\",\"inLanguage\":\"fr-FR\",\"@id\":\"https:\\\/\\\/florinesoikacoaching.fr\\\/coaching\\\/index.php\\\/profil\\\/#primaryimage\",\"url\":\"https:\\\/\\\/florinesoikacoaching.fr\\\/coaching\\\/wp-content\\\/uploads\\\/2024\\\/03\\\/Afficher-les-photos-recentes.jpg\",\"contentUrl\":\"https:\\\/\\\/florinesoikacoaching.fr\\\/coaching\\\/wp-content\\\/uploads\\\/2024\\\/03\\\/Afficher-les-photos-recentes.jpg\",\"width\":828,\"height\":1121},{\"@type\":\"BreadcrumbList\",\"@id\":\"https:\\\/\\\/florinesoikacoaching.fr\\\/coaching\\\/index.php\\\/profil\\\/#breadcrumb\",\"itemListElement\":[{\"@type\":\"ListItem\",\"position\":1,\"name\":\"Accueil\",\"item\":\"https:\\\/\\\/florinesoikacoaching.fr\\\/coaching\\\/\"},{\"@type\":\"ListItem\",\"position\":2,\"name\":\"Profil\"}]},{\"@type\":\"WebSite\",\"@id\":\"https:\\\/\\\/florinesoikacoaching.fr\\\/coaching\\\/#website\",\"url\":\"https:\\\/\\\/florinesoikacoaching.fr\\\/coaching\\\/\",\"name\":\"FS Coaching\",\"description\":\"Coaching Sportif Particuliers et entreprises \u00e0 Lille\",\"publisher\":{\"@id\":\"https:\\\/\\\/florinesoikacoaching.fr\\\/coaching\\\/#organization\"},\"potentialAction\":[{\"@type\":\"SearchAction\",\"target\":{\"@type\":\"EntryPoint\",\"urlTemplate\":\"https:\\\/\\\/florinesoikacoaching.fr\\\/coaching\\\/?s={search_term_string}\"},\"query-input\":{\"@type\":\"PropertyValueSpecification\",\"valueRequired\":true,\"valueName\":\"search_term_string\"}}],\"inLanguage\":\"fr-FR\"},{\"@type\":\"Organization\",\"@id\":\"https:\\\/\\\/florinesoikacoaching.fr\\\/coaching\\\/#organization\",\"name\":\"Florine Soika Coaching\",\"url\":\"https:\\\/\\\/florinesoikacoaching.fr\\\/coaching\\\/\",\"logo\":{\"@type\":\"ImageObject\",\"inLanguage\":\"fr-FR\",\"@id\":\"https:\\\/\\\/florinesoikacoaching.fr\\\/coaching\\\/#\\\/schema\\\/logo\\\/image\\\/\",\"url\":\"https:\\\/\\\/florinesoikacoaching.fr\\\/coaching\\\/wp-content\\\/uploads\\\/2022\\\/01\\\/LogoSFcouleur100.png\",\"contentUrl\":\"https:\\\/\\\/florinesoikacoaching.fr\\\/coaching\\\/wp-content\\\/uploads\\\/2022\\\/01\\\/LogoSFcouleur100.png\",\"width\":150,\"height\":150,\"caption\":\"Florine Soika Coaching\"},\"image\":{\"@id\":\"https:\\\/\\\/florinesoikacoaching.fr\\\/coaching\\\/#\\\/schema\\\/logo\\\/image\\\/\"},\"sameAs\":[\"https:\\\/\\\/www.facebook.com\\\/profile.php?id=100075663504522\",\"https:\\\/\\\/www.instagram.com\\\/florine_soika_coaching_\\\/\",\"https:\\\/\\\/fr.linkedin.com\\\/in\\\/florine-soika-248266a3\"]}]}<\/script>\n<!-- \/ Yoast SEO plugin. -->","yoast_head_json":{"title":"Profil - FS Coaching","description":"J\u2019ai obtenu le dipl\u00f4me du BPJEPS Activit\u00e9 de la forme ainsi qu'un dipl\u00f4me en nutrition. Je pratique plusieurs sports : crossfit, musculation, \u00e9quitation, ...","robots":{"index":"index","follow":"follow","max-snippet":"max-snippet:-1","max-image-preview":"max-image-preview:large","max-video-preview":"max-video-preview:-1"},"canonical":"https:\/\/florinesoikacoaching.fr\/coaching\/index.php\/profil\/","og_locale":"fr_FR","og_type":"article","og_title":"Profil - FS Coaching","og_description":"J\u2019ai obtenu le dipl\u00f4me du BPJEPS Activit\u00e9 de la forme ainsi qu'un dipl\u00f4me en nutrition. Je pratique plusieurs sports : crossfit, musculation, \u00e9quitation, ...","og_url":"https:\/\/florinesoikacoaching.fr\/coaching\/index.php\/profil\/","og_site_name":"FS Coaching","article_publisher":"https:\/\/www.facebook.com\/profile.php?id=100075663504522","article_modified_time":"2024-03-25T13:17:53+00:00","og_image":[{"url":"https:\/\/florinesoikacoaching.fr\/coaching\/wp-content\/uploads\/2024\/03\/Afficher-les-photos-recentes-756x1024.jpg","type":"","width":"","height":""}],"twitter_card":"summary_large_image","twitter_misc":{"Dur\u00e9e de lecture estim\u00e9e":"2 minutes"},"schema":{"@context":"https:\/\/schema.org","@graph":[{"@type":"WebPage","@id":"https:\/\/florinesoikacoaching.fr\/coaching\/index.php\/profil\/","url":"https:\/\/florinesoikacoaching.fr\/coaching\/index.php\/profil\/","name":"Profil - FS Coaching","isPartOf":{"@id":"https:\/\/florinesoikacoaching.fr\/coaching\/#website"},"primaryImageOfPage":{"@id":"https:\/\/florinesoikacoaching.fr\/coaching\/index.php\/profil\/#primaryimage"},"image":{"@id":"https:\/\/florinesoikacoaching.fr\/coaching\/index.php\/profil\/#primaryimage"},"thumbnailUrl":"https:\/\/florinesoikacoaching.fr\/coaching\/wp-content\/uploads\/2024\/03\/Afficher-les-photos-recentes-756x1024.jpg","datePublished":"2021-12-16T17:43:39+00:00","dateModified":"2024-03-25T13:17:53+00:00","description":"J\u2019ai obtenu le dipl\u00f4me du BPJEPS Activit\u00e9 de la forme ainsi qu'un dipl\u00f4me en nutrition. Je pratique plusieurs sports : crossfit, musculation, \u00e9quitation, ...","breadcrumb":{"@id":"https:\/\/florinesoikacoaching.fr\/coaching\/index.php\/profil\/#breadcrumb"},"inLanguage":"fr-FR","potentialAction":[{"@type":"ReadAction","target":["https:\/\/florinesoikacoaching.fr\/coaching\/index.php\/profil\/"]}]},{"@type":"ImageObject","inLanguage":"fr-FR","@id":"https:\/\/florinesoikacoaching.fr\/coaching\/index.php\/profil\/#primaryimage","url":"https:\/\/florinesoikacoaching.fr\/coaching\/wp-content\/uploads\/2024\/03\/Afficher-les-photos-recentes.jpg","contentUrl":"https:\/\/florinesoikacoaching.fr\/coaching\/wp-content\/uploads\/2024\/03\/Afficher-les-photos-recentes.jpg","width":828,"height":1121},{"@type":"BreadcrumbList","@id":"https:\/\/florinesoikacoaching.fr\/coaching\/index.php\/profil\/#breadcrumb","itemListElement":[{"@type":"ListItem","position":1,"name":"Accueil","item":"https:\/\/florinesoikacoaching.fr\/coaching\/"},{"@type":"ListItem","position":2,"name":"Profil"}]},{"@type":"WebSite","@id":"https:\/\/florinesoikacoaching.fr\/coaching\/#website","url":"https:\/\/florinesoikacoaching.fr\/coaching\/","name":"FS Coaching","description":"Coaching Sportif Particuliers et entreprises \u00e0 Lille","publisher":{"@id":"https:\/\/florinesoikacoaching.fr\/coaching\/#organization"},"potentialAction":[{"@type":"SearchAction","target":{"@type":"EntryPoint","urlTemplate":"https:\/\/florinesoikacoaching.fr\/coaching\/?s={search_term_string}"},"query-input":{"@type":"PropertyValueSpecification","valueRequired":true,"valueName":"search_term_string"}}],"inLanguage":"fr-FR"},{"@type":"Organization","@id":"https:\/\/florinesoikacoaching.fr\/coaching\/#organization","name":"Florine Soika Coaching","url":"https:\/\/florinesoikacoaching.fr\/coaching\/","logo":{"@type":"ImageObject","inLanguage":"fr-FR","@id":"https:\/\/florinesoikacoaching.fr\/coaching\/#\/schema\/logo\/image\/","url":"https:\/\/florinesoikacoaching.fr\/coaching\/wp-content\/uploads\/2022\/01\/LogoSFcouleur100.png","contentUrl":"https:\/\/florinesoikacoaching.fr\/coaching\/wp-content\/uploads\/2022\/01\/LogoSFcouleur100.png","width":150,"height":150,"caption":"Florine Soika Coaching"},"image":{"@id":"https:\/\/florinesoikacoaching.fr\/coaching\/#\/schema\/logo\/image\/"},"sameAs":["https:\/\/www.facebook.com\/profile.php?id=100075663504522","https:\/\/www.instagram.com\/florine_soika_coaching_\/","https:\/\/fr.linkedin.com\/in\/florine-soika-248266a3"]}]}},"_links":{"self":[{"href":"https:\/\/florinesoikacoaching.fr\/coaching\/index.php\/wp-json\/wp\/v2\/pages\/369","targetHints":{"allow":["GET"]}}],"collection":[{"href":"https:\/\/florinesoikacoaching.fr\/coaching\/index.php\/wp-json\/wp\/v2\/pages"}],"about":[{"href":"https:\/\/florinesoikacoaching.fr\/coaching\/index.php\/wp-json\/wp\/v2\/types\/page"}],"author":[{"embeddable":true,"href":"https:\/\/florinesoikacoaching.fr\/coaching\/index.php\/wp-json\/wp\/v2\/users\/1"}],"replies":[{"embeddable":true,"href":"https:\/\/florinesoikacoaching.fr\/coaching\/index.php\/wp-json\/wp\/v2\/comments?post=369"}],"version-history":[{"count":33,"href":"https:\/\/florinesoikacoaching.fr\/coaching\/index.php\/wp-json\/wp\/v2\/pages\/369\/revisions"}],"predecessor-version":[{"id":1346,"href":"https:\/\/florinesoikacoaching.fr\/coaching\/index.php\/wp-json\/wp\/v2\/pages\/369\/revisions\/1346"}],"wp:attachment":[{"href":"https:\/\/florinesoikacoaching.fr\/coaching\/index.php\/wp-json\/wp\/v2\/media?parent=369"}],"curies":[{"name":"wp","href":"https:\/\/api.w.org\/{rel}","templated":true}]}}